 a multiple of 7?
False
Is 125 a multiple of 25?
True
Is 15 a factor of 2640?
True
Is 36 a factor of 9972?
True
Does 249 divide 15936?
True
Is 55 a factor of 165?
True
Is 2268 a multiple of 3?
True
Is 17 a factor of 5253?
True
Does 4 divide 24521?
False
Is 76 a factor of 16416?
True
Is 9 a factor of 1674?
True
Does 9 divide 369?
True
Is 1305 a multiple of 67?
False
Is 143 a factor of 8580?
True
Is 2172 a multiple of 6?
True
Is 82 a factor of 35506?
True
Is 4 a factor of 1611?
False
Does 64 divide 5376?
True
Does 8 divide 8506?
False
Is 175 a multiple of 7?
True
Is 13536 a multiple of 72?
True
Is 3700 a multiple of 10?
True
Is 86 a factor of 3555?
False
Does 14 divide 18544?
False
Does 19 divide 703?
True
Is 42 a factor of 26345?
False
Is 115 a factor of 58567?
False
Is 27 a factor of 21262?
False
Does 9 divide 11345?
False
Is 110 a factor of 1969?
False
Is 12 a factor of 1044?
True
Is 12926 a multiple of 23?
True
Is 8 a factor of 3247?
False
Is 7 a factor of 1547?
True
Is 68 a factor of 476?
True
Does 18 divide 33284?
False
Is 8288 a multiple of 148?
True
Is 15 a factor of 337?
False
Is 99 a factor of 834?
False
Does 32 divide 397?
False
Is 88 a multiple of 44?
True
Is 23 a factor of 299?
True
Is 14 a factor of 692?
False
Does 8 divide 4136?
True
Is 13 a factor of 3132?
False
Is 13 a factor of 408?
False
Does 7 divide 16142?
True
Is 18271 a multiple of 49?
False
Does 12 divide 114777?
False
Is 38 a multiple of 2?
True
Does 26 divide 119?
False
Does 57 divide 6099?
True
Does 111 divide 7240?
False
Does 19 divide 19?
True
Is 787 a multiple of 14?
False
Does 61 divide 2318?
True
Does 7 divide 9772?
True
Is 4 a factor of 4?
True
Is 3572 a multiple of 54?
False
Is 25 a factor of 12446?
False
Is 14 a factor of 2953?
False
Does 128 divide 24192?
True
Is 12717 a multiple of 14?
False
Does 10 divide 19950?
True
Is 1763 a multiple of 105?
False
Does 24 divide 8712?
True
Is 2013 a multiple of 9?
False
Does 28 divide 1148?
True
Does 23 divide 38640?
True
Does 20 divide 61080?
True
Is 55 a factor of 1730?
False
Is 495 a multiple of 15?
True
Does 199 divide 74426?
True
Does 32 divide 53?
False
Is 349 a multiple of 12?
False
Is 2654 a multiple of 14?
False
Is 26 a factor of 170014?
True
Is 6 a factor of 1042?
False
Is 48 a factor of 64257?
False
Is 29225 a multiple of 11?
False
Is 19 a factor of 6555?
True
Does 43 divide 8478?
False
Does 13 divide 5668?
True
Does 14 divide 2370?
False
Is 5 even?
False
Is 9 a factor of 39205?
False
Does 12 divide 660?
True
Does 75 divide 23949?
False
Is 1260 a multiple of 21?
True
Does 4 divide 1834?
False
Does 58 divide 13224?
True
Does 237 divide 34046?
False
Does 34 divide 14110?
True
Is 70 a multiple of 6?
False
Does 10 divide 14364?
False
Is 17 a factor of 44268?
True
Is 45 a multiple of 11?
False
Is 169 even?
False
Does 9 divide 166?
False
Is 192 a factor of 6144?
True
Is 25 a factor of 24175?
True
Does 29 divide 319?
True
Is 16 a factor of 4469?
False
Does 5 divide 865?
True
Is 10176 a multiple of 32?
True
Is 52 a factor of 11914?
False
Is 59 even?
False
Does 172 divide 48208?
False
Does 9 divide 2628?
True
Does 6 divide 6373?
False
Does 51 divide 4461?
False
Is 52 a factor of 458?
False
Is 49 a multiple of 49?
True
Is 62 a factor of 10900?
False
Is 4 a factor of 1094?
False
Is 189 a factor of 22302?
True
Is 26549 a multiple of 115?
False
Is 1412 even?
True
Is 12 a factor of 3139?
False
Does 10 divide 4994?
False
Is 10332 a multiple of 36?
True
Is 7 a factor of 411?
False
Does 17 divide 493?
True
Is 47 a factor of 27260?
True
Does 6 divide 424?
False
Is 56 a multiple of 8?
True
Is 18772 a multiple of 361?
True
Is 65 a factor of 910?
True
Is 1922 a multiple of 9?
False
Does 30 divide 22456?
False
Is 6 a factor of 7?
False
Does 7 divide 14692?
False
Is 100 a factor of 14300?
True
Does 100 divide 29500?
True
Is 9 a factor of 1998?
True
Does 66 divide 3241?
False
Is 7420 a multiple of 106?
True
Is 481 a multiple of 13?
True
Is 40 a factor of 3360?
True
Is 9120 a multiple of 48?
True
Is 13167 a multiple of 63?
True
Is 5 a factor of 490?
True
Is 13 a factor of 14142?
False
Does 38 divide 1793?
False
Is 20038 a multiple of 3?
False
Is 18 a factor of 7002?
True
Is 619 even?
False
Does 19 divide 133?
True
Is 1278 a multiple of 37?
False
Is 3 a factor of 35?
False
Does 19 divide 152?
True
Is 1092 a multiple of 14?
True
Is 120 a multiple of 30?
True
Is 169 a multiple of 13?
True
Does 205 divide 29865?
False
Is 7 a factor of 252?
True
Is 1240 a multiple of 155?
True
Is 28 a factor of 12908?
True
Does 3 divide 43?
False
Does 84 divide 6624?
False
Does 41 divide 697?
True
Does 7 divide 1084?
False
Is 5775 a multiple of 12?
False
Is 1608 a multiple of 18?
False
Is 15 a factor of 3616?
False
Is 61 a factor of 1464?
True
Is 401 a factor of 63358?
True
Is 38 a factor of 1003?
False
Is 108 a multiple of 9?
True
Is 2912 a multiple of 96?
False
Is 588 a multiple of 12?
True
Is 35 a factor of 14451?
False
Is 6792 a multiple of 20?
False
Is 38 a factor of 114?
True
Is 8 a factor of 1392?
True
Does 30 divide 900?
True
Does 36 divide 1044?
True
Is 8 a factor of 26?
False
Is 6 a factor of 66?
True
Does 13 divide 1270?
False
Does 4 divide 136?
True
Is 8667 a multiple of 9?
True
Is 7 a factor of 68841?
False
Is 1688 a multiple of 18?
False
Is 66 a factor of 1782?
True
Does 37 divide 1039?
False
Is 16 a factor of 831?
False
Is 13 a factor of 422?
False
Is 156 a multiple of 12?
True
Is 3 a factor of 311?
False
Does 11 divide 12342?
True
Does 18 divide 234?
True
Is 2572 a multiple of 8?
False
Is 45448 a multiple of 46?
True
Does 18 divide 29172?
False
Does 20 divide 6479?
False
Does 17 divide 470?
False
Is 106 a multiple of 9?
False
Does 7 divide 25039?
True
Is 30 a factor of 4625?
False
Does 45 divide 1108?
False
Is 248 a factor of 48880?
False
Is 16 a factor of 2152?
False
Does 48 divide 22368?
True
Is 1368 a multiple of 12?
True
Is 4174 a multiple of 28?
False
Is 389 a multiple of 7?
False
Is 2515 a multiple of 11?
False
Is 196 a multiple of 7?
True
Is 2886 a multiple of 114?
False
Is 16 a factor of 496?
True
Does 124 divide 6144?
False
Is 41 a factor of 811?
False
Is 7668 a multiple of 42?
False
Does 33 divide 47134?
False
Is 1549 a multiple of 9?
False
Is 19932 a multiple of 11?
True
Does 33 divide 1023?
True
Is 992 a multiple of 24?
False
Does 3 divide 2473?
False
Is 871 a multiple of 13?
True
Is 18 a factor of 11840?
False
Is 89 a factor of 1334?
False
Is 24 a factor of 336?
True
Does 31 divide 83607?
True
Is 990 a multiple of 90?
True
Is 196062 a multiple of 15?
False
Is 14 a factor of 86?
False
Is 101 a factor of 19291?
True
Is 1014 a multiple of 3?
True
Is 136 a factor of 20441?
False
Is 90 a factor of 22885?
False
Does 46 divide 2414?
False
Is 118 a factor of 29146?
True
Is 16 a factor of 1920?
True
Is 254 a factor of 16002?
True
Is 962 a multiple of 26?
True
Is 4 a factor of 4433?
False
Is 32259 a multiple of 13?
False
Does 52 divide 1196?
True
Is 10829 a multiple of 25?
False
Does 8 divide 936?
True
Does 23 divide 55335?
False
Is 4 a factor of 275?
False
Is 74 a multiple of 74?
True
Does 15 divide 2640?
True
Is 26 a factor of 364?
True
Does 12 divide 12884?
False
Does 10 divide 510?
True
Is 5 a factor of 1542?
False
Is 34 a factor of 870?
False
Is 11 a factor of 1140?
False
Is 12 a factor of 5571?
False
Is 17 a factor of 382?
False
Is 301 a multiple of 15?
False
Is 218 a multiple of 85?
False
Does 8 divide 489?
False
Is 9894 a multiple of 51?
True
Does 30 divide 1081?
False
Does 12 divide 4524?
True
Is 4865 a multiple of 3?
False
Is 12282 a multiple of 11?
False
Is 14966 a multiple of 11?
False
Is 99 a factor of 693?
True
Is 1701 a multiple of 9?
True
Is 19 a factor of 3790?
False
Is 36 a factor of 3564?
True
Does 10 divide 3405?
False
Is 9041 a multiple of 26?
False
Does 94 divide 3341?
False
Is 4696 a multiple of 13?
False
Does 92 divide 1221?
False
Is 3218 a multiple of 89?
False
Is 73 a factor of 2379?
False
Does 39 divide 4407?
True
Does 77 divide 24371?
False
Does 2 divide 894?
True
Is 1275 a multiple of 25?
True
Does 26 divide 5750?
False
Is 81 a multiple of 3?
True
Does 10 divide 160?
True
Is 127 a multiple of 69?
False
Is 6 a factor of 7118?
False
Is 25753 a multiple of 7?
True
Is 40 a factor of 5400?
True
Is 22 a factor o